est common factor of 1815 and o.
55
Let l(a) = -a**3 + 76*a**2 - 74*a + 269. Let k be l(75). What is the highest common divisor of 215 and k?
43
Let f(b) = b**2 - 10*b - 21. Let s be f(11). Let g be s - ((-15)/(-5))/3. Let o be (g - 7)*(-2)/6. Calculate the highest common divisor of 54 and o.
6
Suppose -d + 164*q = 165*q - 3135, 0 = -3*q - 12. What is the greatest common factor of 129 and d?
43
Let o(p) = p**3 + 2*p**2 - 2*p + 4. Let j be o(0). Let k(b) = 6*b - 18. Let n be k(j). Suppose -n*l + 572 = -4*l. What is the highest common factor of 26 and l?
26
Let p = -76 - -78. Suppose -3*m - 23 = -2*n + p*m, 5*n + 3*m = 135. Let k = 0 - -8. What is the greatest common divisor of k and n?
8
Let a = 1298 - 448. What is the greatest common divisor of 450 and a?
50
Let t = -31298 + 31410. Calculate the highest common divisor of t and 16968.
56
Let m be (-291)/(90/(-27) - -6*4/8). Calculate the highest common factor of m and 27.
9
Suppose 3*f + 2*v + 684 = -304, -5*f - 1672 = -3*v. Let o = f - -473. Calculate the greatest common divisor of o and 188.
47
Suppose 3*b + 32 = 4*b. Let x = -433 - -458. Suppose -41 = -2*y - x. What is the greatest common factor of b and y?
8
Suppose 0 = -2*m + 3*m - 10*i + 366, 0 = -5*m - 5*i - 1940. Let h = m - -491. Suppose 5*r - 350 = -0*r. What is the highest common divisor of h and r?
35
Suppose -32336 = -4*j - 4*c, -99*j - 8078 = -100*j + 5*c. What is the highest common factor of 137 and j?
137
Let t(g) = 2*g**3 - 13*g**2 + 11*g + 21. Let p be t(5). Calculate the highest common divisor of 1911 and p.
1
Let s = -444 + 466. What is the highest common divisor of s and 176?
22
Let j(b) = -49*b**3 + b**2 - 2*b + 1. Let a be j(1). Let w = a - -55. Let x be w/9*(15 + 3). Calculate the greatest common factor of x and 24.
12
Let i(z) = -z**2 + z + 52. Let d be i(0). Let w be 14/((21 - (-3836)/(-182))*-2). Calculate the highest common divisor of w and d.
13
Let s(u) = 197*u - 1098. Let z be s(6). What is the highest common factor of z and 22890?
42
Suppose 3*h - 5*b + 43 - 284 = 0, 3*h - 2*b = 226. Calculate the highest common factor of 2100 and h.
12
Suppose -3*j - 11 + 26 = 0. Suppose 4*s + f = 1425, s - 2*s = -j*f - 372. Calculate the greatest common divisor of s and 119.
119
Suppose 2*b + 220 = n, -3*n - 56*b + 636 = -58*b. Suppose -p + 26 = p. Calculate the highest common divisor of p and n.
13
Let g = 172 - 171. Let d be 2/((-5)/6 + g). Suppose 0*o + 2*o - 50 = -h, 5*h - 4*o = 320. Calculate the highest common divisor of h and d.
12
Suppose -7*f + 731 = 745. Let k be (-1412)/(-16)*1 + f/8. What is the highest common factor of k and 66?
22
Suppose 0 = 5*d, 4*d = -r + 2*d + 76. Let w = -24 - -29. Let h be 1/w - 282/(-15). Calculate the greatest common factor of h and r.
19
Suppose 4*q + 1651 = 2*w - 337, 0 = 4*w + 2*q - 3936. What is the highest common factor of 406 and w?
58
Let v be (3 - -3)/(-3*6/(-8646)). What is the greatest common divisor of 393 and v?
131
Suppose -300*r + 301*r - 4*x = 126, r + 2*x = 90. Calculate the greatest common divisor of 129 and r.
3
Let w(m) = 2*m**2 - 21*m - 174. Let c be w(-6). Let s be ((-496)/c - -4)/((-2)/3). What is the highest common factor of s and 35?
5
Suppose 20*m = 18*m + 36. Suppose -f + 2 = -o, 0 = -5*o + 2*o + 5*f. Let r be (195 - o/5) + 2. Calculate the greatest common factor of r and m.
18
Let l = 18 - -1. Let t be (-3617)/8 - (-66)/528. Let p = 661 + t. Calculate the highest common divisor of l and p.
19
Let s be -4*(-1)/(8/6). Suppose -136578*o = -136524*o - 486. What is the greatest common factor of s and o?
3
Let k = 98 - 110. Let p be (-25)/20*(3 - (-1 - k)). Calculate the greatest common divisor of 235 and p.
5
Let j = 32288 + -32033. What is the greatest common factor of j and 117?
3
Suppose 2628 = -17*j - j. Let z = -51 - j. Let b be 1 + (19 - 3/3). Calculate the highest common factor of z and b.
19
Suppose -501*z = -165*z - 7363 - 9773. Calculate the highest common divisor of 14331 and z.
51
Let f(q) = -247*q**3 - q**2 + 2. Let s be f(-1). Suppose -24*z + 1088 = 344. What is the highest common factor of s and z?
31
Suppose -3*p = -2*p - 1, 3*h + 4*p = 10. Calculate the greatest common factor of 1500 and h.
2
Let n(t) = 11*t - 6. Let a be 5*10/25 - -9. Let g be n(a). Suppose -5*b = 5*j - g, j + 8 = -3*j. What is the highest common factor of b and 5?
5
Suppose -59 + 1874 = 33*u. Let b(q) = -4*q - 6. Let k be b(-5). Let p = k + 8. What is the greatest common divisor of p and u?
11
Let p = 33735 - 22915. Calculate the greatest common divisor of p and 8.
4
Let x be (5212/(-6)*60/(-40))/1. Suppose 4*r = -10*w + 13*w + x, 4*w = r - 316. What is the highest common factor of r and 82?
82
Let z be 4 - (3 + 0 + -50). Let v = 55 - z. Suppose -v*s - 3 = -31. What is the highest common divisor of 42 and s?
7
Suppose 2*u = 3*k - 0*k + 3477, -5*k - 3475 = -2*u. Let o = u + -1189. Calculate the highest common divisor of 19 and o.
19
Suppose 106 = 4*a - p, 2*a = -2*a - p + 110. Suppose 5*c - 48 + 43 = 0. Let t(i) = 36*i. Let m be t(c). What is the greatest common factor of a and m?
9
Let p = -309 - -333. Suppose -18 = -4*q - 6, -2*z = -3*q - 255. What is the greatest common divisor of z and p?
12
Suppose 4*m + 186 = 2*c + 434, -m + 2*c + 65 = 0. What is the greatest common factor of 7442 and m?
61
Let v be ((-4074)/485)/((-9)/480). What is the greatest common divisor of 136 and v?
8
Let l(z) = 554*z**2 - 3251*z - 3. Let w be l(6). Calculate the greatest common factor of w and 10150.
145
Let f(p) be the third derivative of p**6/120 + 7*p**5/60 - p**4/4 - 8*p**3/3 - 67*p**2. Let c be f(-7). Calculate the highest common divisor of c and 52.
26
Let v = 4873 + -3323. Let h(k) = -2*k**2 + 26*k - 41. Let w be h(9). Calculate the highest common divisor of w and v.
31
Let a be -2 - (-853 - (0 - 1)). Let f be 136*(6 + 792/(-160) + 16/(-20)). Calculate the highest common factor of a and f.
34
Let y(t) be the first derivative of t**4/4 - 7*t**3/3 + 11*t**2/2 - 15*t - 3. Let f = -328 + 334. Let i be y(f). What is the highest common factor of i and 135?
15
Suppose 156 = 4*m - 72. Suppose o - 4*j - m = 0, -2*j - 3*j = 3*o - 222. Calculate the highest common divisor of o and 3.
3
Let g = -83 + 163. Calculate the highest common factor of 110 and g.
10
Let o(s) = s**3 - s**2 - s + 21. Let h be o(0). Let b = -23790 + 23874. Calculate the highest common divisor of b and h.
21
Suppose 14*k - 165689 = 61615. What is the greatest common factor of 198 and k?
198
Let f = 1668 + -1187. Let a = 489 - f. Calculate the greatest common factor of 128 and a.
8
Suppose 2*i + 1808 = 10*i. Let j = 94 + i. Suppose w - j = -3*w. Calculate the greatest common divisor of 10 and w.
10
Suppose -504182 = -171*x + 388438. Calculate the highest common divisor of 210 and x.
30
Let s = 348 + -92. Suppose 3*v - 11 = s. Suppose -4*o + 109 = 4*b - 11, -3*o - 2*b = -v. Calculate the highest common divisor of 29 and o.
29
Suppose 4*t - 2016 = -2*s, 3064 = -67*s + 70*s - 4*t. Calculate the greatest common factor of s and 4318.
254
Suppose 385 = -4*j + 5*j. Suppose 245 = 7*d - j. Let r = 163 + d. What is the greatest common divisor of r and 23?
23
Let f be 26 + -1*(1 - 2). Suppose -5*v = 5*z - 20, -4*z - 2*v + 7*v + 16 = 0. Let u be 1/(-4) + 37/z. Calculate the highest common factor of u and f.
9
Let r be 420 - 60/10 - -4. What is the highest common divisor of 22 and r?
22
Let p(g) = -105*g - 198. Let q be (-9)/(-5)*(-300)/90. Let k be p(q). What is the greatest common factor of k and 24?
24
Let b be (-14098)/(-265) - (-3 - 32/(-10)). What is the greatest common divisor of 33125 and b?
53
Suppose 2*o = 2*m, -124*m + 129*m = 4*o + 4. Let a = -1 + 5. What is the highest common factor of m and a?
4
Let r = 87 + -99. Let i(o) = 2*o**2 + 25*o + 16. Let s be i(r). Let g be (s*(-3)/16)/(2/(-216)). Calculate the highest common factor of g and 18.
9
Let j(s) = 3*s + 39. Let g be j(-6). Let d be (-3)/g - (-639)/63. What is the highest common factor of 2 and d?
2
Let a = -28195 - -28405. Suppose 10 = -2*p, -1 + 2 = -4*b - 5*p. What is the highest common factor of b and a?
6
Let x(p) = p**2 - 15*p - 31. Let v be x(13). Let t = 90 + v. What is the greatest common factor of t and 55?
11
Let j be (2/(-4))/((-9)/108). Suppose -5*d = -5*t + 110, 3*